 236. Let d be v(39). Calculate the greatest common factor of d and x.
1
Let l be 2/(-7) - 130/(-14). Suppose -5*k - 144 = -13*k. What is the greatest common divisor of l and k?
9
Suppose -120 = 5*r - 11*r. Calculate the greatest common factor of 200 and r.
20
Let v be ((-20)/(-30))/(2/429). Suppose -3*x - x = -16. Suppose -2*r + 6 = -5*i, -x*r + 0*i = -2*i - 44. Calculate the greatest common factor of r and v.
13
Suppose -5*p = -75 - 15. Calculate the highest common divisor of 12 and p.
6
Suppose 0*j - j + 14 = 0. Suppose 0 = -2*o + 29 + 13. Calculate the highest common factor of j and o.
7
Let d(s) = -s**3 - 9*s**2 - 11*s - 20. Let m be d(-8). What is the greatest common divisor of 44 and m?
4
Let y(z) = 8*z - 28. Let k be y(8). Let h = 8 + -4. What is the greatest common divisor of k and h?
4
Let m be 7*(-7)/((-245)/200). What is the highest common divisor of m and 100?
20
Suppose z - 140 = -4*v, -5*v + 158 + 6 = 4*z. Calculate the greatest common divisor of 36 and v.
36
Let b(u) = -6*u**3 + u**2 + 3*u + 2. Let d be b(-2). What is the highest common factor of d and 8?
8
Suppose -3*r + 270 = -153. Suppose -v + r = -5*h, -4*v = -0*h + 4*h - 468. Let p = -364 + 375. What is the highest common divisor of v and p?
11
Let z(q) = -q - 4. Let c be z(-6). Calculate the highest common divisor of c and 22.
2
Suppose -n - 5 = 3*u + 1, -2*u - 26 = -3*n. Let l(c) = 5*c**2 - c. Let s be l(-1). Calculate the greatest common divisor of s and n.
6
Let g be (-1 - -1) + (9 - 5). Suppose 4*n - 610 = -3*t - 0*t, t - g*n - 182 = 0. What is the greatest common divisor of t and 18?
18
Let p(j) = -j**3 + 4*j**2 - j + 2. Let s(a) = 1. Let z(l) = p(l) - 2*s(l). Let t be z(-3). Calculate the greatest common divisor of t and 6.
6
Suppose -3*f + 382 = 2*t, 3*f - 370 = 2*t + 2*t. What is the greatest common divisor of f and 14?
14
Suppose -15 = -u + 6*o - 3*o, u + 4*o = 43. Calculate the highest common factor of 63 and u.
9
Let u(g) be the second derivative of g**5/20 - g**4/12 - g**3/6 + 5*g**2 + 8*g. Let t be u(0). What is the greatest common divisor of t and 4?
2
Let r be (6/(-9))/((-10)/15). Let t(i) = -3*i - 4. Let y be t(-5). Calculate the greatest common factor of y and r.
1
Suppose 0 = o - 1 - 0. Let j be o/3 + 4/6. What is the highest common divisor of 5 and j?
1
Let p be 88/((-1)/5 + 14/20). What is the greatest common divisor of 16 and p?
16
Suppose 1 + 1 = -2*a. Let s(p) = 10*p**2 + p. Let d be s(a). Let v be 8/36 + 295/d. Calculate the greatest common divisor of v and 22.
11
Suppose 0 = -5*g - 0*g + 15. Let f = 9 - g. Let i = -4 - -13. What is the greatest common factor of f and i?
3
Suppose -3*j = 2*c - 48, -29 = 3*j - c - 86. What is the highest common divisor of 45 and j?
9
Let g = 6 + 0. Let f = 23 + -11. Suppose -2*y - f = -3*y. Calculate the highest common divisor of g and y.
6
Let n(a) = -a**3 + 5*a**2 - 5*a + 5. Let r be n(5). Let g = 13 + r. Let h = 9 + g. What is the greatest common divisor of h and 18?
2
Suppose 46*c = 41*c + 225. Calculate the greatest common divisor of c and 9.
9
Suppose 5*b - 15 = -5*p, -4*b + 3*p + 39 = -2*p. Let r(y) = -y**3 + 7*y**2 - 5*y + 7. Let f be r(b). Calculate the greatest common divisor of 39 and f.
13
Suppose -16 = -g - 2*t, 4*g + 5*t - 81 = -23. Let h = 4 - 5. Let m = h + 4. Calculate the greatest common divisor of m and g.
3
Suppose -f = -n + 3*n - 11, -f + 2 = -n. Calculate the greatest common divisor of 12 and n.
3
Let d be 222/(-27) + (-8)/(-36). Let q be (-1 - 3)*14/d. Calculate the highest common factor of q and 56.
7
Suppose 3*t - 4*t = 0. Suppose 3*z + t*z - 18 = 0. Calculate the highest common factor of z and 4.
2
Suppose 0 = 5*m + q + 3, 0 = -5*m - 4*q - 10 - 2. Suppose m = -0*i + i - 27. What is the highest common factor of i and 9?
9
Suppose 3*z + 560 = 8*z. Suppose 1 = 2*c + 4*t - 119, 4*c - 3*t = 262. Suppose 3*p + p = c. What is the greatest common divisor of p and z?
16
Let n be (-3 - -4) + -2 - -37. Suppose 9*g - n = 7*g. Let t = 10 - 4. What is the highest common factor of g and t?
6
Let a be (2 - (-6)/(-15))*(-10)/(-1). Calculate the highest common factor of 8 and a.
8
Let r = -1 - -5. Suppose 2*i - r*i = 1856. Let k be i/(-14) - (-2)/(-7). Calculate the greatest common factor of k and 6.
6
Suppose 0 = 4*j - 16, 4*g = -3*j - 74 + 6. Let n be (-52)/(-10) + 4/g. Let i be (-126)/(-10) - (-2)/n. What is the greatest common divisor of 52 and i?
13
Suppose 4*q - q = -27. Let d(n) = -n + 6. Let m be d(q). Calculate the highest common divisor of 3 and m.
3
Suppose 0 = -26*t + 25*t + 54. What is the greatest common factor of t and 189?
27
Let b(k) = 7*k**3 + k**2 - k. Suppose 2*t + l = -1, -2*l - 6 = 3*t + l. Let y be b(t). Calculate the greatest common factor of y and 56.
7
Suppose 0 = -3*h + 6, 0 = -5*n - 2*h + 6*h - 78. Let j = -13 - n. What is the highest common factor of j and 7?
1
Suppose -l = -12*l + 132. Let t = 35 - 59. Let o be (t/(-10))/(2/80). Calculate the highest common divisor of l and o.
12
Let n be 1 + ((-156)/(-6))/((-2)/(-3)). Calculate the greatest common factor of n and 5.
5
Let c = -10 - -14. Let y be -13 - -9 - (-15 + 1). Calculate the highest common divisor of y and c.
2
Let k be (1 - 3/(-9))*3. Let p be (-7)/(-14) - (-2)/k. Calculate the highest common factor of p and 3.
1
Suppose 2*u = -3*u - 15. Let f be u*(2 - 3) + -3. Suppose 5*o - 20 - 10 = f. What is the highest common divisor of 48 and o?
6
Let i be 1/(9/6 + -1). What is the highest common divisor of i and 4?
2
Let c be 0 + 1 + 1 + 0. Let m be -7 - -106 - (-1 + 1). Suppose -5*r = 5*x + m - 354, -c*r + 200 = 4*x. Calculate the highest common factor of 7 and x.
7
Suppose 12 = 2*s - 26. What is the highest common divisor of s and 38?
19
Let c(b) = b + 32. Let w be c(0). Suppose 0 = 10*k - 6*k - w. Calculate the greatest common factor of 2 and k.
2
Let c = -39 - -84. Let i be ((-33)/(-6)*-2)/1. Let s be (-5)/(-2)*(-132)/i. Calculate the highest common factor of s and c.
15
Let b be ((-63)/((-6)/2))/1. Let t = b - 11. Calculate the highest common divisor of t and 10.
10
Let u = 83 - -27. Suppose v = -2, -5*g + v + u = 6*v. Suppose o - 5 = -2*z, 2*o - 2*z = -2*o + 10. What is the highest common divisor of g and o?
3
Let s = 546 - 370. Calculate the greatest common factor of 22 and s.
22
Suppose 8*z = 4*z + 76. Suppose 4*j = 1 + z. Suppose j*g = 2*c + 33, -3*g + 18 = -0*g - 3*c. Calculate the greatest common divisor of g and 35.
7
Suppose 2*i = t + 62, -39 + 11 = -i - t. What is the greatest common factor of 10 and i?
10
Let p = 85 - -77. Calculate the highest common factor of 18 and p.
18
Let p(j) = -2*j**2 - 2*j - 1 + 3 + 3*j + 4*j**2. Let f be p(-2). Calculate the greatest common factor of 4 and f.
4
Let c be (-1)/(0 + (-2)/44). Let g = -291 + 511. What is the greatest common factor of g and c?
22
Let w(l) = 3*l**2 - l. Let i be w(1). Calculate the greatest common factor of i and 2.
2
Suppose 2*w = w + 26. Calculate the highest common factor of w and 52.
26
Suppose i - 50 = -3*i - 3*s, -76 = -5*i + 3*s. Calculate the greatest common factor of i and 112.
14
Suppose 0 = 2*p + 5 - 3, -43 = -4*m - p. Suppose 2*n - 98 = k, -3*n = k + 2*k - 147. Let a = n + -16. Calculate the highest common factor of a and m.
11
Suppose -4*u = -5*u + 6. Let z be 2*1/u*12. Let i be -5 + z + 7 + 1. What is the greatest common divisor of i and 56?
7
Suppose -5*g = -2*h - 14, -3*h + 2*h = -4*g + 10. Let f be ((-4)/1 + g)*-6. Let t be (-2)/3*3 + 6. Calculate the greatest common factor of t and f.
4
Suppose -2*y - 4 - 2 = 0. Let s(g) = -7*g + 2. Let t be s(y). Calculate the highest common divisor of 23 and t.
23
Suppose -4*x + w + 2*w + 88 = 0, 4*x + 3*w - 64 = 0. Let h = -86 - -105. What is the greatest common factor of x and h?
19
Suppose 3 = -p, 5*t - 27 = 5*p + 78. What is the greatest common divisor of 9 and t?
9
Let f(c) = -56*c + 1. Suppose 4*i - 4 = 4*t - 0, 5*t = i - 9. Let y be f(i). Calculate the greatest common factor of 19 and y.
19
Let b be 1592/24 + 2/(-6). Calculate the highest common factor of b and 22.
22
Suppose -5*q + 3*q = -3*h + 10, -q - 14 = -3*h. Suppose -t + 18 = -0. What is the highest common divisor of t and h?
6
Let r = 2 + 12. Calculate the highest common factor of r and 2.
2
Let o be 1 - ((0 + 2 - -2) + -39). Calculate th